4
33 - (48 + (52 - 46))
-21
-66 - (-43 + (17 - 16))
-24
Calculate (144 - (72 + 81)) + 2 + -1.
-8
What is 9 + (-25 - ((-16 - -17) + -21))?
4
Calculate -16285 + 16265 + 107 + 4 + (-1 - 1).
89
-23 + (-34 + 24 - (5 + -38)) + -9 + 73
64
What is the value of -284 - -236 - (1 + -4 + 0)?
-45
What is the value of 1 - 10 - (11196 - 11302)?
97
What is the value of (74 - 83 - (-2 - (2 - -2))) + 85 + -146?
-64
Evaluate 55 + -92 + 42 + -5.
0
What is -84 - ((82 - 81) + -129)?
44
Evaluate 4 + -91 + -16 + -13 - (1 + -1 + 3).
-119
Evaluate (2 - -60) + (-974 - -881).
-31
Evaluate -16 + (-77 - -47) + 57.
11
What is (-2 - 11) + (43 + -22 - 43)?
-35
Evaluate (-25 - (-2 - 0 - (-236 - -254))) + (64 - -1).
60
11 - (35 + -9 - (-11 - -49))
23
-12 + (-83 - (59 + -142)) + (1 - 19)
-30
What is (-1 - -24) + -3 + -1 - (3073 + -2948)?
-106
Evaluate (-17 + 11 - -16) + (-6 - -4).
8
Evaluate -61 - (-251 - -119 - -107).
-36
-131 + (-34 - -58) - (38 - 48)
-97
Evaluate (50 - 58) + 53 + -89.
-44
What is the value of -10 + -69 + (413 - 380)?
-46
What is the value of 123 + (1 - 6) + (-32 - -60 - 42)?
104
6 + -25 - -105 - (10 + -13)
89
Evaluate (63 - 23) + -14 + -1 + -1 + -93.
-69
Calculate -9 + (-15 - -11 - -6 - 23) + 0.
-30
Calculate -4 + (2 - 16 - 45) + (2 - -8).
-53
Calculate 56 - 56 - (-3 + -7 + 70) - 16.
-76
What is the value of 77 + 25 + 89 - 98?
93
What is the value of -137 + 140 - ((-12 - -6) + 3) - 60?
-54
Evaluate -2 + -36 + -189 + 207 + -46.
-66
Calculate -72 - 1 - (3560 - 3566).
-67
What is -36 - (17 + 0 + -21) - (5 - (-4 + 0))?
-41
Evaluate (-23 - (-71 - 1 - -12)) + 9 + -1.
45
What is -6 + (-524 - -502) + (-1 - -8)?
-21
Evaluate 54 - (21 - -63) - -52.
22
Calculate -37 + (165 + 27 - 92).
63
(-33 + 24 - -19) + 96 + -3 + -5 - -1
99
80 - (-23 + 67 + 18)
18
What is the value of 11 - ((10 - (2 + 16)) + (-3 - -10))?
12
Calculate (52 - -31) + -31 + 14 - 5.
61
Calculate (-202 - -430) + -339 - (0 + -1).
-110
What is the value of 26 + -77 + 51 - (-1 + 1) - -144 - 12?
132
Calculate -53 + (-13 - (-5 + -18 + 11 + -3)).
-51
Evaluate 56 + (-57 + 31 - -22).
52
What is the value of -47 + (7 - 42) + 80?
-2
(-8 - 30) + (14 - -12) - (14 + -1)
-25
What is the value of (-2 - 84 - (9 + -7)) + -1285 + 1276?
-97
Calculate 13 + -2 + -16 + 12 + -5 + -45.
-43
Calculate (72 - (87 + -53)) + -77.
-39
Calculate (4 + -8 + 1 - (-21 + 2)) + 192 + -327.
-119
What is the value of 29 - (27 - 33) - 38 - 26?
-29
Calculate 3 - (0 - -32) - (-572 + 582).
-39
What is the value of -14 - (-10 + 5 - (-116 - -109))?
-16
Evaluate -3 + (-5 - 63) + -2 - (-2836 - -2843).
-80
What is -118 - (-7 + (1 - -19) - 27 - 7)?
-97
What is the value of 2 + -14 + (-216 - -202) + -30 + (-2 - -1)?
-57
Calculate 38 + (4 - -7) + -33.
16
What is (-130 - (19 + 8)) + 88?
-69
What is -12 - (-8 + -14) - (62 - -19)?
-71
(-5 - (-3 - -20)) + (24 - 2) - -7
7
What is -207 + 153 - (-216 - -49)?
113
Calculate (7778 - 7789) + (2 - -60) + 2.
53
Calculate -39 + 28 + 81 + -37.
33
What is the value of -59 - ((-64411 - -64418) + (0 - (-1 - 0 - 6)))?
-73
(1882 - 1861) + -1 + 27
47
Evaluate (-23 - 29 - -27) + 6.
-19
What is 82 + (57 - 123) + -53?
-37
What is (0 - -121) + (-2582 - -2497)?
36
Evaluate -11 - (19 + (0 - 10) + -19).
-1
Evaluate (3 - 2) + 38 + (-51 - -16 - -18) + 2.
24
What is the value of -1 - 65 - (647 + -762)?
49
What is the value of 14 - (-7 + 69 - (12 + -1))?
-37
Evaluate -30 - -2 - (-12 + 64 + -61).
-19
(-9 + 5 - -13) + 2 + 142 + -186
-33
-49 + -64 + -4 + 117
0
What is (-74 - -32) + (63 - -11)?
32
(-14 + 7 - 51) + -30 + -1 + 11 + -1
-79
Calculate -139 - ((-85 - -48) + 43).
-145
What is the value of 0 - 1 - (-120 + 101) - -26?
44
What is -11 + 1 + (105 - 78) - 36 - -71?
52
What is 97 - ((89 - 179) + 98)?
89
What is the value of (125 - 87 - (157 + -1)) + 16 + -2?
-104
-50 + 214 + -35 + -114
15
Calculate (27 - 0) + 133 + -105 + -21.
34
What is -29 + 14 + (79 - 38)?
26
Evaluate (27 - 75) + 9 - -59.
20
97 - 187 - (-5 + -44)
-41
Calculate 5 - (-3 + -18) - (-15 + 9 - 7).
39
-119 + -47 + 18 + 43
-105
What is the value of (7 - 10 - 4) + (115 - 138)?
-30
What is (-83 - ((2 - 1) + 0)) + 19 + (-162 - -134)?
-93
Evaluate -5 - -3 - (0 + -2 + -8 + 6) - -54.
56
Evaluate -15 + 36 + 12 + (-6 - (10 - 10)).
27
Calculate (-96 - -99) + (-8 - -2) + (11 - -6).
14
What is 155 + -75 - (0 + 26)?
54
Calculate 59 - ((14 - (11 - (0 + 5))) + (-3 - -4)).
50
What is -99 + 194 + -82 + -31 + 2?
-16
3 + (14 + -1 + -9 - -16)
23
Calculate -30 - (40 - (156 + -51)).
35
Evaluate -2 - -47 - (-7 + (8 - (7 - 1))).
50
What is the value of 162 - 183 - ((0 - -1) + -2)?
-20
136 + 1 + (-113 + 93 - (2 - -8) - -14)
121
Evaluate 57 + -108 + 74 - 68.
-45
Calculate -9 - (5 - 5) - (10 - (36 + -20)).
-3
Calculate 0 + 16 + -120 + 94 + -2.
-12
(-170 - -236) + -129 + 6
-57
Calculate 3 - -25 - ((75 - -7) + -51).
-3
Evaluate (4 - 13) + -32 + 41 - -12 - (1 - -8).
3
Evaluate 77 + -46 + -3 + 41 - 22.
47
What is -21 - (9 + (0 - ((-6 - -14) + -7 + 6)))?
-23
What is 4 - (2 + -6 + 17) - (-26 - -16) - -34?
35
What is the value of -7 - (0 - (2 - 1)) - (-237 + 63 + 178)?
-10
Evaluate (1 - 14) + (-46 - -1) + 557 + -545.
-46
What is the value of -2 + (-8 + 22 - 6) + -115 + 68?
-41
What is the value of (-14 - (49 + -73)) + 26 + 1?
37
What is the value of 2508 + -2478 + (-7 - -4 - (0 - -1 - 2))?
28
What is the value of (5 - 5) + -8 + (37 - 10 - (2 - -1))?
16
Evaluate 12 - -22 - (-1 - (-2 + 0 - 0)).
33
33 - 1 - (4 - (-12 + 37) - (-5 + -15))
33
Calculate 140 + -13 + -45 - -18.
100
Calculate -5065 + 5049 + (62 + 3 - 3) + -1 + -3.
42
Evaluate (4 - (4 - 89 - 2)) + (273 - 145) + -113.
106
Evaluate (4 - (-2 + 0 + (3 - -11))) + (53 - -2).
47
-12 + -17 + 2 + 8 + (1 - -46)
28
What is (-55 - (-42 + -25)) + -27 + 1?
-14
0 + (-4 - 15) - (2761 - 2745)
-35
What is the value of 75 + (-76 - -73) + -110?
-38
Evaluate (14 - 47) + -85 - (5 - 6) - (8 - 3).
-122
What is the value of (20 - -4) + (-1 - 57)?
-34
What is 0 - (20 - (-3 + 0) - (-32 - (-7 - 34)))?
-14
What is the value of -27 + 108 + -1 + -18 - (5 - -1)?
56
What is the value of 101 - 103 - (-90 + -5)?
93
Evaluate (-81 - -99 - 21) + 43.
40
Evaluate -119 + 137 - (2 - -3) - -17.
30
Calculate -91 + -20 - -9 - (31 + -15 - 11).
-107
81 - (6 - ((-13 - -16) + 5)) - -14
97
(-1 - 9) + (16 - 33) + 48 + -18 + -22
-19
Evaluate 7 - 92 - (1088 - 1086).
-87
Calculate -19 + (50 - 0) + (72 - 69).
34
What is the value of 69 - (150 + -61) - -41?
21
What is the value of 0 + 17 + 15 + -5?
27
What is the value of (109 - 12) + -406 + 238?
-71
-5 + (8 - 7) - (-2 - -4 - (-30 - -32))
-4
(0 - 23) + (-1634 - -1589)
-68
What is the value of 61 + -14 + -43 - -17?
21
What is the value of (23 - 9) + (-8 - -1) - 36 - 7?
-36
What is 45 + 5 - 35 - 49?
-34
(-13 - (-24 - (49 - 170))) + 31
-79
Calculate (-8 + 3 + 3 - (34 + -55)) + 4.
23
11 - -87 - (-1191 + 1162 - (-26 + -1))
100
What is (1 - 18) + -4 - (-10 - -14)?
-25
(-6 - (-42 - (6 + (-7 - 19)))) + -60
-44
What is the value of 129 - (155 - -227) - -118?
-135
What is 7 + -9 + -10 + 8 + 4 + 41?
41
What is the value of -98 + (-28 - -61 - -3 - 25)?
-87
What is (-4 - 1) + (3 + 77 - -3 - (-61 - -65))?
74
Evaluate 98 + -18 + -189 + 66.
-43
Calculate 1 + (-97 - -44 - -79).
27
Calculate -1 + 3 + -12 - -7 - ((-12 - -5) + -49).
53
74 + (-43 - -125) - 155
1
What is (3 - -4) + (89 - 82)?
14
What is the value of (49 - -38) + 75 + -192?
-30
Calculate -1150 - -1135 - (-1 + 1 + -41).
26
Calculate 19 + (-9 - 10 - (-10 - -12)) + 111.
109
What is (1 - 90) + 148 - 63?
-4
What is the value of (-8377 - -8369) + -45 + 0 + 0 + 0 + 3?
-50
What is 471 - 501 - (-71 + -4)?
45
What is -954 + 994 - (-3 + (2 - -17))?
24
-1 + 0 + 1 + -14084 + 14046
-38
Evaluate -62 + 71 + -2 + -8 + (8 - (3 + 4)).
0
What is -7 + (62 - 7) + (-37 - -65 - 18)?
58
What is the value of (-2 - 1) + -14 + 528 + -518?
-7
What is the value of 28393 + -28379 + (1 - 2) + -1?
12
What is the value of 54 - (6 - (33 + -19 - 23) - 34)?
73
What is the value of (-20 + -1 - (-520 + 502)) + (-18 - -2)?
-19
Evaluate 34 + -3 + -18 + 26.
39
8 + -5 - (-54 - -71 - (12 - 3))
-5
What is 28 + 2 + -2 + (1 - -9) + -15 + -1?
22
Evaluate 6 - 9 - (12 + -24 - (-83 - -22) - -12).
-64
Evaluate -4 + 3 + (0 - -17) - 5 - (249 - 242).
4
What is -34 - -79 - 3 - 26?
16
What is 12 + 4 + (-50 - (-103 + 159))?
-90
Calculate (2 - -1) + (1 - -1) + -32 + 59